 6*l = l - 3*b + 5770, 4*l - 4619 = -n*b. Is l a composite number?
False
Is (((-242704)/(-24))/11)/(4/6) prime?
False
Suppose 210 = 3*s - 4*i, -5*s - 109 = -2*i - 473. Let l(c) = c**2 - 7*c + 2. Let k be l(7). Suppose -5*j + 2*j + s = k*y, -y + 15 = -4*j. Is y composite?
False
Suppose -7 + 3 = -i. Suppose 0 = y + 4, -2*y - 73 = -x + i. Is x a prime number?
False
Suppose 5*t = -r + 32452, 17*t + 64949 = 2*r + 12*t. Is r a composite number?
False
Let i(v) = -25*v**3 - 10*v**2 - v - 53. Is i(-10) composite?
False
Let k(n) be the third derivative of -2*n**2 + 7/60*n**5 + 5/6*n**3 + 0*n + 0 - 1/24*n**4. Is k(4) prime?
True
Let w be 219/(-21) - (-9)/21. Let j(l) = -l**3 + 11*l**2 + 3*l + 29. Is j(w) prime?
True
Let z(g) = -654*g - 15. Is z(-2) prime?
False
Let c(y) = -7*y**3 - 3*y**2 + 11*y - 7. Let j(k) = 4*k**3 + 2*k**2 - 6*k + 4. Let r(v) = 6*c(v) + 11*j(v). Is r(2) a composite number?
True
Let c(d) = 6*d**3 + 7*d**2 - 7*d + 19. Is c(9) a composite number?
True
Is (37 + -7)/(-5) - -3941 composite?
True
Let q be (-14)/(-2)*(4 - 3). Let z(k) = 138*k + 37. Is z(q) a composite number?
True
Suppose 14*c - 16*c = 4*d - 46302, -2*d = -2*c + 46278. Is c prime?
True
Let l(m) = -2*m**2 - 66*m**3 + 1 - 100*m**3 + 236*m**3. Suppose -b - 4*k - 6 = 0, -k = b - 0*k. Is l(b) composite?
True
Let t be (6/18)/(1/1065). Suppose -5*c + t = -80. Suppose -30 = -3*b + c. Is b prime?
False
Let u(w) be the first derivative of w**4/2 - w**3/3 - w**2 + w + 9. Let v be u(2). Let a(z) = 3*z**2 + 14*z - 14. Is a(v) prime?
False
Suppose -27*r + 412792 = -19*r. Is r a prime number?
True
Suppose 0 = -5*u + 3*d + 3483, 2*u - 3475 = -3*u + 5*d. Is u a prime number?
False
Let b(z) = 1767*z - 9. Let j be b(2). Suppose -13678 + j = -13*y. Is y a composite number?
True
Let h = -172610 + 84212. Is (2/6)/((-18)/h) composite?
False
Is ((-12)/(-8) - 0)*38888/12 prime?
True
Let i(s) = 585*s + 286. Let q(u) = 8 - 13 + 24 + 39*u. Let z(t) = 6*i(t) - 91*q(t). Is z(-4) a prime number?
False
Is (36/54 - 11164/(-3)) + -3 composite?
False
Is 2/13 + (-4947650)/(-130) a prime number?
False
Let r be 3 + -9 + 3 - -1523. Suppose 3*d + 6022 + 1662 = 5*w, -r = -w - 5*d. Is w a prime number?
False
Suppose 0 = 5*v, -5*v = -0*w + 5*w - 30. Suppose -x + 317 = -w. Is x a prime number?
False
Suppose -6*x + 127 = -2129. Let q(k) = 2*k - 2. Let r be q(3). Suppose 5*j + m - 1089 = 0, -r*j + 500 = -4*m - x. Is j a composite number?
True
Let i = 1829 + 309. Suppose -i = -2*p - 460. Is p a composite number?
False
Let d(w) = 283*w + 6. Let i be d(3). Let h = -448 + i. Is h prime?
False
Let t(l) = -l**2 + 12*l - 32. Let r be t(8). Suppose r = 9*y - 682 - 6707. Is y prime?
True
Let k be 2/5 + (-17)/5. Let f(n) = -n**2. Let l be f(k). Is (23/2)/(l/(-18)) prime?
True
Is (-2)/(204295/(-18571) - -11) composite?
True
Suppose 3*b - 13 = 5*k + 21, -2*b = -2*k - 16. Suppose 0 = -2*f + p + 775, 5*f - 1939 = b*p - 0*p. Is f prime?
False
Suppose -3*n = -189 - 18. Is (5444/(-6))/((-46)/n) prime?
True
Let z(h) = -5*h**3 - 7*h**2 + 12*h + 4. Let f be z(-7). Let l = f - 773. Is l a composite number?
True
Suppose 202*j = 192*j + 42470. Is j composite?
True
Suppose -b = -388 - 1741. Is b prime?
True
Suppose 5*p + 107 = 287. Suppose 29*q + 12607 = p*q. Is q prime?
True
Suppose 5*k - s = 75184, k - 15034 = -23*s + 26*s. Is k a prime number?
False
Let v be (64/40)/(2/10). Suppose v*s = 5*s + 1563. Is s prime?
True
Is 3/(3 + 93240/(-31083)) a prime number?
False
Suppose 0*h - 3 = -2*h - l, -3*h + 4*l = -32. Let n = h + -2. Suppose -3*m = -n*m - 191. Is m a composite number?
False
Suppose -r - 85 + 1932 = 0. Is r composite?
False
Let y(c) = -29*c - 17. Let s be ((-3)/(-4))/((-14)/112). Is y(s) a prime number?
True
Is (-3324)/(-21) - (-14)/(-49) - 0 composite?
True
Suppose -f + 10090 = -3*x - 5004, 0 = f - 5*x - 15084. Is f prime?
False
Is 397252/38*2/4 a prime number?
True
Let q be (-3 - 96/(-21)) + 12/28. Suppose -12 = 4*m, 3*j + 3*m + q*m - 5262 = 0. Is j prime?
True
Let z(i) be the second derivative of i**4/12 - 5*i**3/6 + 5*i**2/2 + 4*i. Let n be z(2). Is (794/(-4))/n*2 composite?
False
Let k be 4/(-4)*(0 - 3). Suppose k*h - 2*h = -5*s + 547, 0 = h + s - 539. Is h composite?
True
Let o = 171 + -239. Let w = o - -231. Is w a prime number?
True
Let u(v) = -13*v - 18. Let n(a) = -a**3 - 3*a**2 - 2. Let w be n(-2). Let r be u(w). Is 45/r + 881/4 prime?
False
Let q be -19 + 1 + -1 + -4 + 6. Is 3*-2*q - -1 prime?
True
Let p(y) = 20*y - 1. Let b be p(1). Let v(z) = 0 + 20*z - 1 + b*z. Is v(5) prime?
False
Let u be (-4 - -4)*2/(-4)*2. Is (u - -140) + (-30)/(-6) + -6 a composite number?
False
Let t = 88 + -53. Suppose -35 = 3*v - g - 4*g, -5*v - 5 = 5*g. Is t/1 - 0/v composite?
True
Let h(j) = 3*j + 26. Let f be h(-6). Let d(b) = -b**3 + 19*b**2 + 6*b - 13. Is d(f) a prime number?
True
Let l = -1012 + 2723. Is l a prime number?
False
Suppose -5*d = -3*b - 36745 + 8251, -4*d + 22791 = -b. Is ((-4)/(-6))/(18/d) a composite number?
False
Let p(x) = x**3 + 3*x**2 + 2*x + 6. Let m be p(-3). Suppose m = -4*v + 2*s + 632, 5*v + s - 790 = -s. Is v prime?
False
Suppose -q + 27 = 5*a, 0 = 5*q + 3 - 13. Let i(s) = 182*s. Let t be i(2). Is a/(-2)*t/(-65) a composite number?
True
Suppose -34734 = -37*y + 31*y. Is y composite?
True
Let f = -3 + -3. Let a = f + 9. Let d(w) = 2*w**2 - w + 4. Is d(a) prime?
True
Let i = -67054 + 128369. Is i prime?
False
Suppose 2 = -5*x + 12. Suppose 4*p - 3*k = 415, 82 + 30 = p + x*k. Is p a prime number?
False
Let d be 9/(-15)*-12 + 3/(-15). Suppose 5*t = 3*k - 6134, -d*k - 5*t = -2*k - 10290. Is k a prime number?
True
Let v(u) = -u**3 + 22*u**2 + 3*u + 63. Is v(14) prime?
False
Suppose -6*o + 65368 - 21310 = 0. Is o prime?
False
Let d(z) = 2*z**2 + z + 1169. Let n = 1 + -1. Is d(n) composite?
True
Let f(l) = -3684*l + 1. Is f(-2) prime?
True
Suppose 3*j - 8*j = -3*j. Suppose j*d + 159 = 3*d. Is d a prime number?
True
Let s(w) = -2*w**2 + 36*w + 43. Let q be s(19). Suppose -x + 5272 = -2*r + 6*r, -6565 = -q*r + 5*x. Is r prime?
False
Suppose 13*p = 17*p - 23232. Suppose -z - 2*z = 5*l - p, -3859 = -2*z + l. Is z composite?
False
Let t = 99 + -99. Suppose -5*y - 6*y + 12793 = t. Is y prime?
True
Suppose -4311 = -m + 14432. Is m a composite number?
False
Suppose -3*y - 1038988 = -5*z, 11*z - 5*y = 8*z + 623396. Is z prime?
True
Let t be 0 + -1 - -3*5. Let b(h) = -h**3 + 6*h**2 - 7*h + 10. Let m be b(5). Suppose m = t*r - 12*r - 418. Is r a prime number?
False
Let p = 11 + -6. Suppose a - 2*a + 4*y = -190, -5*a - p*y = -975. Is a composite?
True
Let w(j) = 6*j**2 + 19*j - 1. Suppose -5*r - 80 = -3*o, 3*r = -2*o - 3*o - 14. Is w(r) prime?
False
Is -1 + 14793 + (-6)/1 prime?
False
Let h(t) = 4*t**2 - 11*t + 2. Let u be h(3). Suppose u*l - l - 229 = -a, -871 = -4*a - l. Is a a prime number?
False
Let h(f) = -3*f**3 + 4*f**2 + 2*f - 2. Let z(m) = 4*m**3 - 3*m**2 - 3*m + 3. Let i(w) = 5*h(w) + 4*z(w). Is i(-7) a composite number?
True
Let j(w) be the second derivative of 7*w**3/2 + 7*w**2 + 4*w. Is j(7) composite?
True
Let v = -5 - -15. Suppose 5*d + 2*r = 811, 0 = -5*r - v. Is d prime?
True
Let g be (19 - 5)*(16/14)/4. Is (-389)/(-1) - g/2*-1 prime?
False
Suppose -2*n + 0*n + 10684 = 5*z, 5*z - 10678 = -4*n. Let m = z - 93. Is m prime?
False
Suppose 0 = 109*o - 111*o + 24. Let v(r) = 14*r**2 - 2*r - 5. Is v(o) a prime number?
True
Let s(g) = g**3 - g**2 - 8*g - 2. Let y be s(-7). Let o = 487 + y. Is o a prime number?
True
Suppose 3*v - 4*a - 1266 = 101, -a - 1352 = -3*v. Is v composite?
False
Let t(o) be the first derivative of o**4/4 - o**3/3 - 9*o**2/2 - 5*o - 29. Is t(8) a composite number?
True
Let j be ((-8)/5)/(46/(-115)). Suppose -j*m + 1906 = 110. Is m a composite number?
False
Let z(y) = -75*y - 461. Is z(-28) composite?
True
Let g(f) be the third derivative of -13/24*f**4 + 5/6*f**3 + 0 + 0*f + 3*f**2. Is g(-6) prime?
True
Let h = 18 + -18. Let w be 0 + -1 - h - -727. Let q = w + -407. Is q a prime number?
False
Let f(j) = -3*j**2 + 4*j - 5. Let k(u) = 13*u**2 - 15*u + 20. Let g(t) = -9*f(t) - 2*k(t). Let l be g(5). Suppose 5*m - 3*m - 970 = l. Is m composite?
True
Let t = -9898 - -17345. Is t a prime number?
False
Let i be 0 + (-9)/(-3 + 0). Let q(z) = 4*z - 5 - 7*z**2 + 3*z - i*z**2 - z**3. Is q(-11) a composite num